93391 prime?
False
Is 3972001 a composite number?
True
Is 234325183 composite?
False
Is 9527291 composite?
True
Is 50722673 composite?
False
Is 723901 a prime number?
True
Is 715265 a composite number?
True
Is 649301627 composite?
True
Is 21684893 composite?
False
Is 72166951 prime?
True
Is 903427 a composite number?
True
Is 35138573 a prime number?
True
Is 3785491 a composite number?
False
Is 2822803 a composite number?
True
Is 1597117 a prime number?
False
Is 70700107 prime?
True
Is 799697 prime?
False
Is 69762677 prime?
True
Is 82447333 a composite number?
False
Is 36643309 a composite number?
False
Is 10073891 prime?
True
Is 18058079 composite?
True
Is 59064053 a prime number?
False
Is 643103 a composite number?
True
Is 3970949 a composite number?
False
Is 705839 composite?
True
Is 232441409 prime?
False
Is 503118647 prime?
True
Is 1925117 a prime number?
True
Is 2343329 composite?
False
Is 786931 composite?
False
Is 103495859 prime?
True
Is 275565331 prime?
False
Is 7633633 a composite number?
True
Is 2635082 prime?
False
Is 723492079 a composite number?
True
Is 11535593 a prime number?
True
Is 1894457 composite?
True
Is 17310541 a prime number?
False
Is 6175123 composite?
False
Is 14392493 prime?
True
Is 344823239 a prime number?
False
Is 54892573 composite?
True
Is 29630561 composite?
False
Is 718287 a composite number?
True
Is 23860769 a composite number?
False
Is 1854407 a composite number?
False
Is 1252441 a prime number?
False
Is 1204766 a composite number?
True
Is 2532067 prime?
True
Is 56327641 composite?
False
Is 6029 a prime number?
True
Is 5773199 a composite number?
False
Is 378674 prime?
False
Is 131707819 prime?
False
Is 20437259 composite?
True
Is 6825781 prime?
True
Is 13037573 a prime number?
False
Is 71330219 a composite number?
False
Is 135239011 composite?
True
Is 203868887 composite?
False
Is 6085283 composite?
False
Is 139959849 a prime number?
False
Is 6754721 prime?
True
Is 17080313 prime?
False
Is 25522591 prime?
False
Is 40583629 a composite number?
False
Is 3638837 a composite number?
True
Is 431054651 prime?
True
Is 609029 a composite number?
True
Is 37344199 composite?
True
Is 75333821 composite?
False
Is 405865 a prime number?
False
Is 5457229 composite?
False
Is 1244279 composite?
False
Is 919283 a prime number?
False
Is 7261557 composite?
True
Is 5102489 a prime number?
False
Is 2324695 prime?
False
Is 25007159 composite?
False
Is 4064149 composite?
False
Is 133954151 a prime number?
True
Is 5840251 prime?
True
Is 601801 a prime number?
True
Is 35326133 composite?
True
Is 190637287 a composite number?
True
Is 7348879 a composite number?
True
Is 7959817 composite?
True
Is 10854349 prime?
False
Is 118350173 a composite number?
False
Is 10348109 a prime number?
False
Is 575117747 composite?
False
Is 65477443 prime?
False
Is 7043747 prime?
True
Is 3239701 a composite number?
True
Is 11308159 composite?
False
Is 1482049 a prime number?
True
Is 310681013 a prime number?
True
Is 295453309 a prime number?
True
Is 134703187 prime?
False
Is 282281 a prime number?
True
Is 10128527 prime?
False
Is 2300217353 prime?
False
Is 918926969 a composite number?
False
Is 4638961 composite?
False
Is 2984119 composite?
True
Is 872801 composite?
True
Is 1713269 composite?
True
Is 76233686 composite?
True
Is 118639641 a composite number?
True
Is 59107 prime?
True
Is 785003 a prime number?
True
Is 635260831 a prime number?
True
Is 55416727 composite?
False
Is 3435977 a composite number?
True
Is 59307007 composite?
False
Is 6507589 a prime number?
False
Is 117101869 prime?
True
Is 10709722 a prime number?
False
Is 3442421 a prime number?
False
Is 14227111 a prime number?
True
Is 1562651 a composite number?
True
Is 958421 composite?
True
Is 232775429 prime?
True
Is 35952239 composite?
False
Is 61283 composite?
False
Is 185855477 composite?
True
Is 700013 a prime number?
False
Is 47140931 a composite number?
True
Is 2924263 a composite number?
False
Is 7853873 a prime number?
True
Is 65297717 a composite number?
False
Is 14805683 composite?
True
Is 51065171 a prime number?
False
Is 10571591 a prime number?
True
Is 179269 composite?
False
Is 9260347 a composite number?
False
Is 505513381 a composite number?
False
Is 3952279 prime?
False
Is 130566503 a composite number?
False
Is 14714767 prime?
True
Is 369407 prime?
True
Is 802191387 prime?
False
Is 96742369 a composite number?
True
Is 988557 a composite number?
True
Is 5067583 a prime number?
True
Is 525174973 a prime number?
False
Is 13812263 prime?
True
Is 4265621 composite?
True
Is 1099541 a composite number?
False
Is 10736543 a prime number?
False
Is 1312459 a prime number?
True
Is 79689443 composite?
True
Is 35062667 composite?
True
Is 410993699 prime?
False
Is 6872581 composite?
False
Is 98904233 a composite number?
False
Is 250303033 composite?
False
Is 2813039 prime?
True
Is 59037967 composite?
True
Is 17493161 composite?
True
Is 1519883 a prime number?
True
Is 3294899 composite?
False
Is 568523093 a prime number?
False
Is 487607227 a composite number?
True
Is 11086571 composite?
True
Is 16357933 composite?
True
Is 169092811 prime?
False
Is 1388381 composite?
False
Is 234054401 prime?
False
Is 884111 composite?
False
Is 19744043 a prime number?
False
Is 13237295 composite?
True
Is 300273043 a prime number?
False
Is 44250419 prime?
False
Is 5723459 composite?
True
Is 542802421 a prime number?
False
Is 8307447 a composite number?
True
Is 8691731 a prime number?
True
Is 42479629 a composite number?
True
Is 30796559 a composite number?
False
Is 254477 a prime number?
False
Is 83428757 a composite number?
False
Is 39500339 a composite number?
False
Is 12887239 composite?
False
Is 10032461 composite?
False
Is 6644861 composite?
True
Is 1392163 a composite number?
False
Is 93471601 a prime number?
True
Is 2728967 a composite number?
False
Is 7395847 composite?
False
Is 44737177 a composite number?
False
Is 1034262651 a composite number?
True
Is 161393203 prime?
True
Is 2281411 a prime number?
False
Is 45192611 a composite number?
False
Is 96113 composite?
True
Is 78021473 a composite number?
True
Is 45126079 a composite number?
True
Is 51721091 a composite number?
False
Is 8776261 composite?
True
Is 5419987 a composite number?
False
Is 102021977 prime?
True
Is 19829911 a prime number?
False
Is 1836259 a prime number?
True
Is 1254941 prime?
True
Is 1212595 a composite number?
True
Is 13661785 prime?
False
Is 51862379 a composite number?
True
Is 129264037 a composite number?
True
Is 2281361 composite?
False
Is 39455329 prime?
True
Is 2383001 prime?
False
Is 15009569 composite?
False
Is 30107311 prime?
False
Is 16772533 a composite number?
False
Is 31156231 a composite number?
False
Is 5013917 prime?
True
Is 4906361 composite?
False
Is 135032039 a composite number?
False
Is 1437869 a composite number?
False
Is 28624813 composite?
True
Is 335103103 a prime number?
True
Is 20468507 prime?
True
Is 80351981 a prime number?
False
Is 4802011 a composite number?
False
Is 53213003 a composite number?
True
Is 15768307 composite?
True
Is 4794901 prime?
False
Is 299731 a prime number?
True
Is 29561771 a composite number?
False
Is 463348807 a composite number?
False
Is 230614393 composite?
False
Is 10912379 a prime number?
False
Is 1509419 composite?
True
Is 483410009 composite?
True
Is 20790839 a prime number?
True
Is 373877629 a composite number?
False
Is 43501577 prime?
False
Is 12010937 composite?
False
Is 622729479 composite?
True
Is 311411665 a prime number?
False
Is 114889057 a prime number?
True
Is 114105029 a prime number?
False
Is 60588985 composite?
True
Is 18607157 a prime number?
True
Is 67174297 prime?
False
Is 56549237 prime?
True
Is 14976601 prime?
False
Is 9884449 composite?
True
Is 2203549 a composite number?
True
Is 1663009 a composite number?
False
Is 1811753 a prime number?
False
Is 18593719 composite?
False
Is 3082511 composite?
False
Is 39083519 prime?
True
Is 312359699 a composite number?
False
Is 3660617 a composite number?
False
Is 1726097 a composite number?
True
Is 136163297 prime?
True
Is 42374957 prime?
True
Is 648638 composite?
True
Is 908261 prime?
False
Is 55484943 prime?
False
Is 9380977 a prime number?
True
Is 53812751 prime?
False
Is 1428949 a prime number?
Tr